{"id":61,"date":"2025-06-26T11:27:33","date_gmt":"2025-06-26T14:27:33","guid":{"rendered":"https:\/\/bibliotecamunzon.ar\/?page_id=61"},"modified":"2025-08-28T13:13:10","modified_gmt":"2025-08-28T16:13:10","slug":"servicios","status":"publish","type":"page","link":"https:\/\/bibliotecamunzon.ar\/index.php\/servicios\/","title":{"rendered":"SERVICIOS"},"content":{"rendered":"<p>[vc_row][vc_column column_width_percent=&#8221;100&#8243; gutter_size=&#8221;0&#8243; overlay_alpha=&#8221;50&#8243; shift_x=&#8221;0&#8243; shift_y=&#8221;0&#8243; shift_y_down=&#8221;0&#8243; z_index=&#8221;0&#8243; medium_width=&#8221;0&#8243; mobile_width=&#8221;0&#8243; width=&#8221;2\/3&#8243; uncode_shortcode_id=&#8221;331092&#8243;][vc_column_text uncode_shortcode_id=&#8221;407457&#8243;]<span style=\"font-size: 14pt; color: #000000;\"><span class=\"font-167140\">SERVICIOS DE LA BIBLIOTECA<\/span><\/span>[\/vc_column_text][vc_separator sep_color=&#8221;color-128080&#8243; uncode_shortcode_id=&#8221;176868&#8243; sep_color_type=&#8221;uncode-palette&#8221;][vc_column_text uncode_shortcode_id=&#8221;246595&#8243;]<\/p>\n<p class=\"p-2 mb-1 bt\"><span class=\"font-769965\" style=\"color: #000000;\">La\u00a0<strong>BPH Munz\u00f3n<\/strong>\u00a0es una\u00a0<strong>Biblioteca Popular<\/strong>, una biblioteca abierta al p\u00fablico en general. Cualquier miembro de la comunidad puede pasar por la misma y emplear sus instalaciones para leer, estudiar o pasar un momento de ocio. Contamos con un sector infantil y un sector juvenil identificados para tales fines.<\/span><\/p>\n<p class=\"p-2 mb-1\"><span class=\"font-769965\" style=\"color: #000000;\">La biblioteca cuenta con una\u00a0<strong>Estanter\u00eda Abierta<\/strong>, un sector con Novelas, Cuentos, Biograf\u00edas y otras tem\u00e1ticas donde los libros est\u00e1n al alcance de los visitantes. Ideal para recorrer, leer contratapas y hacerse una idea de tal o cual libro antes de elegir uno.<\/span><\/p>\n<p class=\"p-2\"><span class=\"font-769965\" style=\"color: #000000;\">Entre sus diferentes servicios, la biblioteca cuenta con:<\/span><\/p>\n<ul>\n<li><span class=\"font-769965\" style=\"color: #000000;\">Pr\u00e9stamos de libros a los asociados<\/span><\/li>\n<li><span class=\"font-769965\" style=\"color: #000000;\">Sala de lectura para el p\u00fablico en general<\/span><\/li>\n<li><span class=\"font-769965\" style=\"color: #000000;\">Salas de estudio<\/span><\/li>\n<li><span class=\"font-769965\" style=\"color: #000000;\">Pr\u00e9stamo de la sala de lectura para actividades literarias y culturales, de inter\u00e9s de la comunidad, y para necesidad de instituciones p\u00fablicas.<\/span><\/li>\n<li><span class=\"font-769965\" style=\"color: #000000;\">Alquiler del espacio y sus dispositivos (sonido, proyector) para profesionales e instituciones privadas.<\/span><\/li>\n<li><span class=\"font-769965\" style=\"color: #000000;\">Actividades de promoci\u00f3n de lectura para las instituciones educativas de la zona.<\/span><\/li>\n<li><span class=\"font-769965\" style=\"color: #000000;\">Computadora y conexi\u00f3n wifi<\/span><\/li>\n<li><span class=\"font-769965\" style=\"color: #000000;\">Talleres y cursos<\/span><\/li>\n<li><span class=\"font-769965\" style=\"color: #000000;\">Actividades, salidas y viajes culturales<\/span><\/li>\n<\/ul>\n<p><span class=\"font-769965\" style=\"color: #000000;\">Tanto para los pr\u00e9stamos como para su uso en sala de lectura, disponemos de un fondo bibliotecario de m\u00e1s de 21.000 \u00edtems.<\/span>[\/vc_column_text][\/vc_column][vc_column column_width_percent=&#8221;100&#8243; gutter_size=&#8221;3&#8243; expand_height=&#8221;yes&#8221; overlay_alpha=&#8221;50&#8243; shift_x=&#8221;0&#8243; shift_y=&#8221;0&#8243; shift_y_down=&#8221;0&#8243; z_index=&#8221;0&#8243; medium_width=&#8221;0&#8243; mobile_width=&#8221;0&#8243; width=&#8221;1\/3&#8243; uncode_shortcode_id=&#8221;188401&#8243;][vc_single_image media=&#8221;173&#8243; media_width_percent=&#8221;100&#8243; border=&#8221;yes&#8221; uncode_shortcode_id=&#8221;181025&#8243;][vc_empty_space empty_h=&#8221;1&#8243;][\/vc_column][\/vc_row][vc_row][vc_column column_width_percent=&#8221;100&#8243; gutter_size=&#8221;0&#8243; overlay_alpha=&#8221;50&#8243; shift_x=&#8221;0&#8243; shift_y=&#8221;0&#8243; shift_y_down=&#8221;0&#8243; z_index=&#8221;0&#8243; medium_width=&#8221;0&#8243; mobile_width=&#8221;0&#8243; width=&#8221;1\/1&#8243; uncode_shortcode_id=&#8221;212469&#8243;][vc_column_text uncode_shortcode_id=&#8221;853236&#8243;]<span style=\"font-size: 14pt; color: #000000;\"><span class=\"font-167140\">SERVICIO DE REFERENCIA<\/span><\/span>[\/vc_column_text][vc_separator sep_color=&#8221;color-128080&#8243; uncode_shortcode_id=&#8221;176868&#8243; sep_color_type=&#8221;uncode-palette&#8221;][vc_column_text uncode_shortcode_id=&#8221;315466&#8243;]<\/p>\n<p class=\"p-2 bt\"><span class=\"font-769965\" style=\"color: #000000;\">Cont\u00e1mos con un equipo de profesionales y voluntarios que realizan la atenci\u00f3n a los usuarios. Brindan una atenci\u00f3n adecuada y precisa, realizan los procesos t\u00e9cnicos de todo el patrimonio bibliogr\u00e1fico y son activos promotores de lectura.<\/span><\/p>\n<ul>\n<li><span class=\"font-769965\" style=\"color: #000000;\">Bibliotec\u00f3loga: Claudia Cavaliere<\/span><\/li>\n<li><span class=\"font-769965\" style=\"color: #000000;\">Auxiliar T\u00e9cnico bibliotec\u00f3logo: Marcos Amarilla<\/span><\/li>\n<li><span class=\"font-769965\" style=\"color: #000000;\">Auxiliar T\u00e9cnico municipal: Jorge Arrieta<\/span><\/li>\n<li><span class=\"font-769965\" style=\"color: #000000;\">Voluntarios: Silvina Feuillassier <\/span><\/li>\n<\/ul>\n<p>[\/vc_column_text][\/vc_column][\/vc_row][vc_row][vc_column column_width_percent=&#8221;100&#8243; gutter_size=&#8221;0&#8243; overlay_alpha=&#8221;50&#8243; shift_x=&#8221;0&#8243; shift_y=&#8221;0&#8243; shift_y_down=&#8221;0&#8243; z_index=&#8221;0&#8243; medium_width=&#8221;0&#8243; mobile_width=&#8221;0&#8243; width=&#8221;1\/1&#8243; uncode_shortcode_id=&#8221;193361&#8243;][vc_column_text uncode_shortcode_id=&#8221;204301&#8243;]<span style=\"font-size: 14pt; color: #000000;\"><span class=\"font-167140\">PR\u00c9STAMO DE LIBROS<\/span><\/span>[\/vc_column_text][vc_separator sep_color=&#8221;color-128080&#8243; uncode_shortcode_id=&#8221;176868&#8243; sep_color_type=&#8221;uncode-palette&#8221;][vc_column_text uncode_shortcode_id=&#8221;194270&#8243;]<span class=\"font-769965\" style=\"color: #000000;\">El servicio de pr\u00e9stamos a domicilio es exclusivo para asociados, quienes abonan una cuota mensual determinada por la asamblea anual de asociados.<br \/>\n<\/span>[\/vc_column_text][\/vc_column][\/vc_row][vc_row][vc_column column_width_percent=&#8221;100&#8243; gutter_size=&#8221;0&#8243; overlay_alpha=&#8221;50&#8243; shift_x=&#8221;0&#8243; shift_y=&#8221;0&#8243; shift_y_down=&#8221;0&#8243; z_index=&#8221;0&#8243; medium_width=&#8221;0&#8243; mobile_width=&#8221;0&#8243; width=&#8221;1\/1&#8243; uncode_shortcode_id=&#8221;151166&#8243;][vc_column_text uncode_shortcode_id=&#8221;158300&#8243;]<span style=\"font-size: 14pt; color: #000000;\"><span class=\"font-167140\">SALA DE LECTURA Y SALA DE ESTUDIO<\/span><\/span>[\/vc_column_text][vc_separator sep_color=&#8221;color-128080&#8243; uncode_shortcode_id=&#8221;176868&#8243; sep_color_type=&#8221;uncode-palette&#8221;][vc_column_text uncode_shortcode_id=&#8221;103331&#8243;]<span class=\"font-769965\" style=\"color: #000000;\">La biblioteca cuenta con un espacio amplio de lectura y estudio en la planta baja. En el entrepiso se encuentran dos salas de estudio disponibles para talleres, grupos de estudio, reuniones con pocos integrantes, etc.<\/span><br \/>\n<span class=\"font-769965\" style=\"color: #000000;\"> El uso de todas las salas es libre en los horarios de atenci\u00f3n al usuario. Para ello, solicitamos datos personales del visitante, a modo de estad\u00edstica.<\/span>[\/vc_column_text][\/vc_column][\/vc_row][vc_row][vc_column column_width_percent=&#8221;100&#8243; gutter_size=&#8221;0&#8243; overlay_alpha=&#8221;50&#8243; shift_x=&#8221;0&#8243; shift_y=&#8221;0&#8243; shift_y_down=&#8221;0&#8243; z_index=&#8221;0&#8243; medium_width=&#8221;0&#8243; mobile_width=&#8221;0&#8243; width=&#8221;1\/1&#8243; uncode_shortcode_id=&#8221;151971&#8243;][vc_column_text uncode_shortcode_id=&#8221;157633&#8243;]<span style=\"font-size: 14pt; color: #000000;\"><span class=\"font-167140\">PRESTAMO DE LA SALA DE LECTURA Y ALQUILER DEL ESPACIO CON SUS DISPOSITIVOS<\/span><\/span>[\/vc_column_text][vc_separator sep_color=&#8221;color-128080&#8243; uncode_shortcode_id=&#8221;176868&#8243; sep_color_type=&#8221;uncode-palette&#8221;][vc_column_text uncode_shortcode_id=&#8221;692565&#8243;]<span class=\"font-769965\" style=\"color: #000000;\">Este pr\u00e9stamo se realiza para actividades literarias y culturales, o que sean de inter\u00e9s para la comunidad. Tambi\u00e9n es apta para actividades de las instituciones p\u00fablicas o privadas, ya que contamos con un proyector y un equipo de sonido. Entre las actividades realizadas contamos con proyecciones de pel\u00edculas o documentales, eventos p\u00fablicos, presentaciones de libros, etc.<\/span>[\/vc_column_text][\/vc_column][\/vc_row][vc_row][vc_column column_width_percent=&#8221;100&#8243; gutter_size=&#8221;3&#8243; expand_height=&#8221;yes&#8221; overlay_alpha=&#8221;50&#8243; shift_x=&#8221;0&#8243; shift_y=&#8221;0&#8243; shift_y_down=&#8221;0&#8243; z_index=&#8221;0&#8243; medium_width=&#8221;0&#8243; mobile_width=&#8221;0&#8243; width=&#8221;1\/2&#8243; uncode_shortcode_id=&#8221;357669&#8243;][vc_single_image media=&#8221;325&#8243; media_width_percent=&#8221;100&#8243; border=&#8221;yes&#8221; uncode_shortcode_id=&#8221;202740&#8243;][\/vc_column][vc_column column_width_percent=&#8221;100&#8243; gutter_size=&#8221;0&#8243; overlay_alpha=&#8221;50&#8243; shift_x=&#8221;0&#8243; shift_y=&#8221;0&#8243; shift_y_down=&#8221;0&#8243; z_index=&#8221;0&#8243; medium_width=&#8221;0&#8243; mobile_width=&#8221;0&#8243; width=&#8221;1\/2&#8243; uncode_shortcode_id=&#8221;113284&#8243;][vc_column_text uncode_shortcode_id=&#8221;169549&#8243;]<span style=\"font-size: 14pt; color: #000000;\"><span class=\"font-167140\">COMPUTADORA Y CONEXI\u00d3N WIFI<\/span><\/span>[\/vc_column_text][vc_separator sep_color=&#8221;color-128080&#8243; uncode_shortcode_id=&#8221;176868&#8243; sep_color_type=&#8221;uncode-palette&#8221;][vc_column_text uncode_shortcode_id=&#8221;934561&#8243;]<span class=\"font-769965\" style=\"color: #000000;\">La sala posee una computadora de libre acceso con internet. En caso de estudiantes con equipo propio, la biblioteca cuenta con wifi.<\/span>[\/vc_column_text][vc_empty_space][vc_column_text uncode_shortcode_id=&#8221;178233&#8243;]<span style=\"font-size: 14pt; color: #000000;\"><span class=\"font-167140\">TALLERES Y CURSOS<\/span><\/span>[\/vc_column_text][vc_separator sep_color=&#8221;color-128080&#8243; uncode_shortcode_id=&#8221;176868&#8243; sep_color_type=&#8221;uncode-palette&#8221;][vc_column_text uncode_shortcode_id=&#8221;210022&#8243;]<span class=\"font-769965\" style=\"color: #000000;\">La biblioteca organiza talleres y cursos de diversa \u00edndole, para grandes y chicos, cuyos cronogramas se van dando a conocer por cartelera y en las redes. Cursos de idiomas (ingl\u00e9s, portugu\u00e9s y franc\u00e9s, en diversos niveles), ajedrez, escritura creativa, bordado, narraci\u00f3n, historieta, acuarela y crochet se cuentan entre las alternativas.<\/span>[\/vc_column_text][vc_empty_space][vc_column_text uncode_shortcode_id=&#8221;110485&#8243;]<span style=\"font-size: 14pt; color: #000000;\"><span class=\"font-167140\">ACTIVIDADES, SALIDAS Y VIAJES CULTURALES<\/span><\/span>[\/vc_column_text][vc_separator sep_color=&#8221;color-128080&#8243; uncode_shortcode_id=&#8221;176868&#8243; sep_color_type=&#8221;uncode-palette&#8221;][vc_column_text uncode_shortcode_id=&#8221;849561&#8243;]<span class=\"font-769965\" style=\"color: #000000;\">Generar actividades que vinculen socialmente a los vecinos es otro de los objetivos de toda instituci\u00f3n insertada en la comunidad, como los seminarios o las presentaciones de libros.<\/span><\/p>\n<p><span style=\"color: #000000;\">Entre otras actividades, se organizan salidas y viajes culturales que generan un v\u00ednculo social importante. La activa participaci\u00f3n de nuestros vecinos as\u00ed lo demuestra, lo que nos permite organizar alrededor de diez salidas anuales y tres o cuatro viajes a diferentes lugares de nuestro pa\u00eds y el extranjero, favoreciendo as\u00ed la socializaci\u00f3n e integraci\u00f3n de los asociados y amigos.<\/span>[\/vc_column_text][\/vc_column][\/vc_row]<\/p>\n","protected":false},"excerpt":{"rendered":"<p>[vc_row][vc_column column_width_percent=&#8221;100&#8243; gutter_size=&#8221;0&#8243; overlay_alpha=&#8221;50&#8243; shift_x=&#8221;0&#8243; shift_y=&#8221;0&#8243; shift_y_down=&#8221;0&#8243; z_index=&#8221;0&#8243; medium_width=&#8221;0&#8243; mobile_width=&#8221;0&#8243; width=&#8221;2\/3&#8243; uncode_shortcode_id=&#8221;331092&#8243;][vc_column_text uncode_shortcode_id=&#8221;407457&#8243;]SERVICIOS DE LA BIBLIOTECA[\/vc_column_text][vc_separator sep_color=&#8221;color-128080&#8243; uncode_shortcode_id=&#8221;176868&#8243; sep_color_type=&#8221;uncode-palette&#8221;][vc_column_text uncode_shortcode_id=&#8221;246595&#8243;] [&hellip;]<\/p>\n","protected":false},"author":1,"featured_media":0,"parent":0,"menu_order":0,"comment_status":"closed","ping_status":"closed","template":"","meta":{"footnotes":""},"class_list":["post-61","page","type-page","status-publish","hentry"],"_links":{"self":[{"href":"https:\/\/bibliotecamunzon.ar\/index.php\/wp-json\/wp\/v2\/pages\/61","targetHints":{"allow":["GET"]}}],"collection":[{"href":"https:\/\/bibliotecamunzon.ar\/index.php\/wp-json\/wp\/v2\/pages"}],"about":[{"href":"https:\/\/bibliotecamunzon.ar\/index.php\/wp-json\/wp\/v2\/types\/page"}],"author":[{"embeddable":true,"href":"https:\/\/bibliotecamunzon.ar\/index.php\/wp-json\/wp\/v2\/users\/1"}],"replies":[{"embeddable":true,"href":"https:\/\/bibliotecamunzon.ar\/index.php\/wp-json\/wp\/v2\/comments?post=61"}],"version-history":[{"count":33,"href":"https:\/\/bibliotecamunzon.ar\/index.php\/wp-json\/wp\/v2\/pages\/61\/revisions"}],"predecessor-version":[{"id":591,"href":"https:\/\/bibliotecamunzon.ar\/index.php\/wp-json\/wp\/v2\/pages\/61\/revisions\/591"}],"wp:attachment":[{"href":"https:\/\/bibliotecamunzon.ar\/index.php\/wp-json\/wp\/v2\/media?parent=61"}],"curies":[{"name":"wp","href":"https:\/\/api.w.org\/{rel}","templated":true}]}}